
1
What is the hundreds digit of 7340?
3
What is the tens digit of 19495?
9
What is the tens digit of 48166?
6
What is the hundreds digit of 671?
6
What is the hundreds digit of 62405?
4
What is the tens digit of 886?
8
What is the tens digit of 2167?
6
What is the tens digit of 802?
0
What is the tens digit of 534?
3
What is the thousands digit of 3343?
3
What is the thousands digit of 26435?
6
What is the tens digit of 6014?
1
What is the tens digit of 499?
9
What is the hundreds digit of 7199?
1
What is the ten thousands digit of 22984?
2
What is the hundreds digit of 1073?
0
What is the units digit of 7015?
5
What is the thousands digit of 3451?
3
What is the thousands digit of 5087?
5
What is the ten thousands digit of 43890?
4
What is the units digit of 683?
3
What is the tens digit of 2539?
3
What is the tens digit of 2840?
4
What is the units digit of 5691?
1
What is the units digit of 1472?
2
What is the hundreds digit of 857?
8
What is the thousands digit of 1409?
1
What is the ten thousands digit of 19029?
1
What is the hundreds digit of 672?
6
What is the hundreds digit of 11929?
9
What is the hundreds digit of 41438?
4
What is the units digit of 70388?
8
What is the units digit of 1726?
6
What is the thousands digit of 11947?
1
What is the hundreds digit of 7323?
3
What is the hundreds digit of 970?
9
What is the thousands digit of 4208?
4
What is the units digit of 45907?
7
What is the ten thousands digit of 109410?
0
What is the tens digit of 2590?
9
What is the units digit of 496?
6
What is the ten thousands digit of 13046?
1
What is the hundreds digit of 121?
1
What is the units digit of 165?
5
What is the thousands digit of 42545?
2
What is the units digit of 59237?
7
What is the tens digit of 2532?
3
What is the hundreds digit of 461?
4
What is the hundreds digit of 69156?
1
What is the units digit of 507?
7
What is the tens digit of 2553?
5
What is the units digit of 1747?
7
What is the tens digit of 6710?
1
What is the units digit of 82372?
2
What is the hundreds digit of 883?
8
What is the units digit of 6020?
0
What is the units digit of 16896?
6
What is the units digit of 33293?
3
What is the hundreds digit of 6799?
7
What is the tens digit of 12571?
7
What is the units digit of 2136?
6
What is the hundreds digit of 33589?
5
What is the thousands digit of 186227?
6
What is the tens digit of 610?
1
What is the hundreds digit of 52378?
3
What is the hundreds digit of 40844?
8
What is the thousands digit of 1863?
1
What is the tens digit of 6813?
1
What is the ten thousands digit of 18002?
1
What is the hundreds digit of 125688?
6
What is the units digit of 1243?
3
What is the hundreds digit of 76690?
6
What is the units digit of 30000?
0
What is the hundreds digit of 2163?
1
What is the tens digit of 840?
4
What is the units digit of 330?
0
What is the hundreds digit of 1130?
1
What is the units digit of 8213?
3
What is the tens digit of 385?
8
What is the thousands digit of 13733?
3
What is the thousands digit of 2592?
2
What is the hundreds digit of 1271?
2
What is the hundreds digit of 17775?
7
What is the ten thousands digit of 17379?
1
What is the units digit of 956?
6
What is the units digit of 625?
5
What is the tens digit of 74260?
6
What is the hundred thousands digit of 101247?
1
What is the tens digit of 1067?
6
What is the thousands digit of 20949?
0
What is the thousands digit of 28096?
8
What is the thousands digit of 1906?
1
What is the thousands digit of 16186?
6
What is the thousands digit of 61502?
1
What is the ten thousands digit of 78132?
7
What is the thousands digit of 1587?
1
What is the thousands digit of 27397?
7
What is the ten thousands digit of 32540?
3
What is the units digit of 2507?
7
What is the tens digit of 3200?
0
What is the ten thousands digit of 19012?
1
What is the units digit of 8995?
5
What is the tens digit of 329?
2
What is the units digit of 503?
3
What is the hundreds digit of 3662?
6
What is the hundred thousands digit of 134243?
1
What is the hundreds digit of 8996?
9
What is the tens digit of 2022?
2
What is the hundreds digit of 21480?
4
What is the hundreds digit of 12948?
9
What is the tens digit of 8396?
9
What is the tens digit of 11162?
6
What is the units digit of 111368?
8
What is the tens digit of 20603?
0
What is the ten thousands digit of 16003?
1
What is the tens digit of 98086?
8
What is the units digit of 112368?
8
What is the tens digit of 5046?
4
What is the tens digit of 6631?
3
What is the units digit of 46290?
0
What is the hundreds digit of 4076?
0
What is the ten thousands digit of 13102?
1
What is the units digit of 1012?
2
What is the units digit of 108310?
0
What is the ten thousands digit of 42592?
4
What is the units digit of 1368?
8
What is the thousands digit of 30148?
0
What is the tens digit of 491?
9
What is the thousands digit of 20851?
0
What is the units digit of 9712?
2
What is the hundreds digit of 6231?
2
What is the thousands digit of 11782?
1
What is the hundreds digit of 469?
4
What is the units digit of 2505?
5
What is the hundreds digit of 1989?
9
What is the thousands digit of 19425?
9
What is the tens digit of 355?
5
What is the hundreds digit of 7923?
9
What is the units digit of 8597?
7
What is the tens digit of 2469?
6
What is the units digit of 4?
4
What is the tens digit of 876?
7
What is the tens digit of 1880?
8
What is the units digit of 181?
1
What is the hundreds digit of 3340?
3
What is the ten thousands digit of 10178?
1
What is the tens digit of 554?
5
What is the units digit of 18492?
2
What is the hundreds digit of 864?
8
What is the tens digit of 1580?
8
What is the tens digit of 6188?
8
What is the units digit of 279?
9
What is the units digit of 8813?
3
What is the units digit of 4841?
1
What is the thousands digit of 117267?
7
What is the thousands digit of 19535?
9
What is the units digit of 85466?
6
What is the units digit of 90871?
1
What is the tens digit of 1357?
5
What is the units digit of 4289?
9
What is the ten thousands digit of 34637?
3
What is the thousands digit of 39653?
9
What is the hundreds digit of 7751?
7
What is the thousands digit of 1311?
1
What is the thousands digit of 7867?
7
What is the units digit of 4241?
1
What is the units digit of 560?
0
What is the units digit of 70?
0
What is the hundreds digit of 4514?
5
What is the units digit of 444?
4
What is the ten thousands digit of 30764?
3
What is the thousands digit of 5727?
5
What is the tens digit of 76336?
3
What is the tens digit of 39734?
3
What is the ten thousands digit of 46956?
4
What is the units digit of 163410?
0
What is the thousands digit of 68005?
8
What is the hundreds digit of 312?
3
What is the ten thousands digit of 36541?
3
What is the thousands digit of 38393?
8
What is the units digit of 1358?
8
What is the thousands digit of 1460?
1
What is the tens digit of 3912?
1
What is the tens digit of 1120?
2
What is the thousands digit of 1366?
1
What is the ten thousands digit of 59653?
5
What is the ten thousands digit of 13808?
1
What is the hundreds digit of 191491?
4
What is the ten thousands digit of 22234?
2
What is the ten thousands digit of 57319?
5
What is the units digit of 3696?
6
What is the thousands digit of 2246?
2
What is the hundreds digit of 1378?
3
What is the hundreds digit of 23040?
0
What is the tens digit of 46164?
6
What is the thousands digit of 11247?
1
What is the thousands digit of 58357?
8
What is the hundreds digit of 53361?
3
What is the hundreds digit of 1639?
6
What is the units digit of 546?
6
What is the ten thousands digit of 59682?
5
What is the units digit of 2598?
8
What is the tens digit of 29164?
6
What is the tens digit of 655?
5
What is the thousands digit of 2296?
2
What is the thousands digit of 5635?
5
What is the units digit of 461?
1
What is the units digit of 4138?
8
What is the thousands digit of 57002?
7
What is the tens digit of 4182?
8
What is the units digit of 8569?
9
What is the thousands digit of 134996?
4
What is the units digit of 2025?
5
What is the units digit of 81661?
1
What is the hundreds digit of 26274?
2
What is the tens digit of 7718?
1
What is the tens digit of 11745?
4
What is the units digit of 10856?
6
What is the hundreds digit of 480?
4
What is